11*b**2 - 5*b + 14. Let v be y(-11). Suppose 2*w = 4*x - v, -4*x + 1416 = 2*w - 0*w. What are the prime factors of x?
2, 11
Suppose -25 = -5*r - n - 4, 18 = 5*r - 2*n. Suppose d + 57 = o - 3*d, -12 = r*d. Suppose 0 = 46*a - o*a - 97. What are the prime factors of a?
97
Let g = -786 + 790. Suppose -98 = -3*l - 6*i + 8*i, -g*l + 2*i = -132. What are the prime factors of l?
2, 17
Let s(l) = l**3 + l**2 + l + 1. Let y(z) = 10*z**3 - 4*z**2 - 6*z + 15. Let m(c) = s(c) - y(c). List the prime factors of m(-4).
2, 307
Suppose 4*j - 317 = 5*s, -2*j - 36 = 2*s - 190. Let l = j + -91. Let r = l + 63. What are the prime factors of r?
2, 5
Let g = 353 - 215. Suppose o = 184 + g. Let s = o - 200. What are the prime factors of s?
2, 61
Suppose -13*v - 5 + 5 = 0. Suppose 2786 = 3*b - 19*l + 23*l, v = -4*b - 3*l + 3703. What are the prime factors of b?
2, 461
Suppose -112*s + 147*s - 1321723 = -258*s. What are the prime factors of s?
13, 347
Let a(q) be the first derivative of -7*q**2/2 + 85*q + 122. List the prime factors of a(-3).
2, 53
Suppose 5*b - 3*b + 5*q = -53, 2*q + 10 = 0. Let w = 1347 + -1219. Let l = w + b. What are the prime factors of l?
2, 3, 19
Let z(l) = l**2 - 39*l + 103. Let i be z(36). What are the prime factors of (-9)/(45/(-5770)) - (i + 7)?
2, 3
Let o = -8719 - -34288. List the prime factors of o.
3, 947
Suppose -218 + 299 = 27*r. Suppose -2*o = -228 - 132. Suppose q + 489 = r*u + 6*q, -o = -u + 4*q. List the prime factors of u.
2, 3, 7
Suppose -17182 = -2*f + 2*i, -5*i + 7 = 22. List the prime factors of f.
2, 19, 113
Suppose -12*w + 45 = -3*w. Suppose -w*x = 4*u - 573, -14 + 449 = 3*u + 2*x. Let h = 92 + u. List the prime factors of h.
239
Let p = 13969 - 12044. What are the prime factors of p?
5, 7, 11
What are the prime factors of (-3 - 72806/(-13))*13?
72767
Let a = 51481 - 36029. List the prime factors of a.
2, 3863
Let j(n) = -10*n - 55. Let f be j(10). What are the prime factors of 124/f + (-1)/(10/(-3648))?
2, 7, 13
Suppose 6682 + 4094 = 6*s. What are the prime factors of s?
2, 449
Let f = -65 - 399. What are the prime factors of ((-252)/(-144))/((-2)/f)?
2, 7, 29
Let j(b) = 43130*b**3 - 33*b**2 + 32*b + 1. What are the prime factors of j(1)?
2, 5, 19, 227
Suppose 0 = -3*g - 15, -i - 4570 = -6*i - 2*g. Let f = 1306 - i. What are the prime factors of f?
2, 3, 5, 13
List the prime factors of 213/(-6)*7872/(-112)*7.
2, 3, 41, 71
Suppose -56320 = 41*m - 987266. List the prime factors of m.
2, 11353
Suppose -6*y + 12 + 6 = 0. Suppose -s = y*s - 3*s. Suppose s*w + 784 = 3*w - 2*q, -524 = -2*w + q. List the prime factors of w.
2, 3, 11
Let r be (-1 - -2)*1*(-6)/(-6). Let m = 145 - r. Suppose m = -4*c + 6*c. List the prime factors of c.
2, 3
What are the prime factors of 19413/4 - -2 - (-277)/(-1108)?
5, 971
Suppose -15668177 - 6824704 = -267*d. List the prime factors of d.
3, 28081
Let d(f) = 4*f + 28. Suppose -l - 8 = l, 3*k - 36 = 3*l. Let c be d(k). Let y = 161 - c. List the prime factors of y.
101
Let a = 4846 + -3280. Suppose 0 = 2*z - 108 - a. List the prime factors of z.
3, 31
Let c(z) = z**2 - 83*z + 913. Let p be c(70). Let k = 360 - 77. Suppose -p*i + r + k = 0, 5*i - 577 + 98 = -2*r. What are the prime factors of i?
5, 19
Let i(s) = 5*s + 37*s**2 - 16*s**2 - 8 + 77. What are the prime factors of i(-8)?
1373
Suppose -94*o - 2*k - 21626 = -98*o, 4*o + 2*k = 21606. What are the prime factors of o?
2, 7, 193
Suppose 3*j - 11482 = -650*g + 648*g, -5*g = 4*j - 15307. What are the prime factors of j?
2, 3, 11, 29
Let y(k) = -175 - 6*k + 2*k + 0*k + k**2 + 34. List the prime factors of y(-31).
2, 59
Let f = -23438 + 39002. List the prime factors of f.
2, 3, 1297
List the prime factors of 34374/(-153)*(-516)/8.
43, 337
Suppose 24*g - 44 = 4. What are the prime factors of g + (100 - 2/(-4)*2)?
103
Suppose -5*r + 156 = -179. Suppose -125 = -4*i + r. Let c = 100 - i. What are the prime factors of c?
2, 13
Let t(s) = 7*s + 84. Let q be t(-12). Suppose -11*f + 783 + 911 = q. What are the prime factors of f?
2, 7, 11
Let o(a) = 3*a**3 - 127*a**2 - 133*a - 22. What are the prime factors of o(47)?
89, 277
Suppose -350643 + 579921 = 9*k - 466674. List the prime factors of k.
2, 3, 179
What are the prime factors of (-3)/(-51) - (686795/(-85) + 5)?
5, 17, 19
List the prime factors of (-456)/(-3420)*(-1 - 2) + 209297/5.
3, 4651
What are the prime factors of 5 + -1 - -35031 - (1 + 45/9)?
23, 1523
Let k(s) = 3*s**2 + 11*s + 24. Let u be k(-8). Let t(c) = 9*c**2 + 2*c. Let p be t(-5). Let b = p - u. List the prime factors of b.
3, 29
Suppose 632 = -103*j + 107*j - 4*r, 0 = 5*j - 2*r - 802. What are the prime factors of j?
2, 3
List the prime factors of ((-576)/81)/(-16) + (-114994)/(-18).
6389
Let w = -26 + 28. Suppose -f + 1 = 2*c, 2*f + 23 = c - w*f. Let d = c - -4. What are the prime factors of d?
7
Let a(v) = v**3 - 13*v**2 + 15*v - 28. Let u be a(12). Suppose 54 = -u*r + 1782. What are the prime factors of r?
2, 3
Let v = -172 - -116. What are the prime factors of (-891)/(4/(v/21))?
2, 3, 11
Suppose 4*l = -2*m - 66, 2*m + 71 = -0*m + l. Let o = 35 + m. Let c(d) = -d**2 - 3*d + 5. List the prime factors of c(o).
5
Let x(n) = 5*n + 100. Let k be x(-20). Let o(z) = 6*z + 458. List the prime factors of o(k).
2, 229
Let s(z) = -390*z**2 + 6798*z - 19. List the prime factors of s(14).
18713
Let o = -282 - -286. Suppose 3*m + 3*k = 1044, -2*m - o*k = -7*k - 671. What are the prime factors of m?
7
Suppose 3*x - 10 = z, -2*x + 3 = -5. Suppose 3*j = z*o - 459 + 21, -3*o - 2*j = -670. What are the prime factors of o?
2, 3, 37
Suppose -1837 - 3194 = -f. List the prime factors of f.
3, 13, 43
Suppose 0 = 4*m, -4*q - 3*m + 6*m + 164 = 0. Suppose 5*i - q = 2104. List the prime factors of i.
3, 11, 13
Let c(w) = -35*w**3 + 6*w**2 + 5*w + 1. Suppose 17*s + 4 = 15*s, 0 = j + s + 4. What are the prime factors of c(j)?
5, 59
What are the prime factors of 34/((-136)/420)*(1590/9)/(-5)?
2, 5, 7, 53
Suppose 27 = -d + 10*d. Suppose -3185 = -4*x + l, l - d*l - 10 = 0. List the prime factors of x.
3, 5, 53
Let d = 35 + -31. Let y(g) = 2*g + 18*g**2 + d - 3*g**2 - 3 + 88*g**2. List the prime factors of y(-1).
2, 3, 17
Let w = -1731 - -3000. Let h = w - 523. What are the prime factors of h?
2, 373
Let s(g) = 17*g + 30. Suppose -329 = 4*k - 373. What are the prime factors of s(k)?
7, 31
Let v = -316 - 88. Let j = v + 690. List the prime factors of j.
2, 11, 13
Let p(a) = -1515*a - 2618. List the prime factors of p(-6).
2, 809
Suppose -f - 10 = -6*f. Let d(c) = 26 - 2*c**3 - 8*c - 10*c**2 + c**3 - f*c - 10. What are the prime factors of d(-10)?
2, 29
What are the prime factors of 132*32/((-128)/(-1041))?
3, 11, 347
Suppose -21*j = -17*j - 4*v - 168484, 0 = 3*j + 3*v - 126315. What are the prime factors of j?
23, 1831
Let l be (101*3/(-6))/((-1)/10). Suppose 4*w = l + 1011. List the prime factors of w.
379
Let h = 1622 + -554. Let c = h - 327. List the prime factors of c.
3, 13, 19
Suppose 17 = 3*h - 7. List the prime factors of 7748/22 + h/(-44).
2, 11
Suppose 2*x + 5*a - 1318 = -2*x, -5*x + 2*a + 1664 = 0. Let h(o) = -25*o**3 + 2*o**2 - 2*o - 1. Let r be h(2). Let z = x + r. List the prime factors of z.
3, 5
Let b(a) = 20*a**2 + 127*a - 1335. List the prime factors of b(12).
3, 11, 31
Let o(q) = 3*q**3 - 2*q**2 + 91*q - 761. List the prime factors of o(31).
3, 29837
Let c be 3 - (-2 + 1) - (-2450 - -15). Suppose 3*p - c = -3*a, -257 + 1070 = a + 2*p. What are the prime factors of a?
3, 271
Suppose 165348 = 3*h + 2*n, 15*h - 1157397 = -6*h - n. List the prime factors of h.
2, 17, 1621
Let d = 8 - 2. Suppose -d*n + 10*n = 20. Suppose -532 = -n*c + c. List the prime factors of c.
7, 19
Suppose -f = f + 4. Let m be (-264)/330*(30/f - 0). Suppose 5*n - m = 3*n. What are the prime factors of n?
2, 3
Let a = 17812 - 11351. Suppose -10*k = -23*k + a. What are the prime factors of k?
7, 71
Let j(s) = -498*s - 4. Let q(g) = 998*g + 8. Let n(a) = 11*j(a) + 6*q(a). What are the prime factors of n(1)?
2, 257
Let a = 18 - 7. Let q be (1/(1/12))/((-342)/(-1140)). Suppose 6*u = a*u - q. What are the prime factors of u?
2
Suppose -9 = -2*h + b, 4*h - 38*b = -35*b + 17. Suppose h*i - 4359 - 4741 = 0. What are the prime factors of i?
2, 5, 7, 13
What are the prime factors of (36/45)/((